{"id":45,"date":"2025-06-19T01:31:49","date_gmt":"2025-06-19T00:31:49","guid":{"rendered":"https:\/\/3blighter.com\/?page_id=45"},"modified":"2025-06-19T03:04:19","modified_gmt":"2025-06-19T02:04:19","slug":"produits","status":"publish","type":"page","link":"https:\/\/3blighter.com\/index.php\/produits\/","title":{"rendered":"PRODUITS"},"content":{"rendered":"<h2 style=\"text-align: left;\">Notre Gamme de Produits<\/h2>\n<p>D\u00e9couvrez notre s\u00e9lection de briquets et accessoires con\u00e7us pour r\u00e9pondre \u00e0 tous les besoins de nos clients.<\/p>\n<p><img decoding=\"async\" loading=\"lazy\" class=\"wp-image-19 aligncenter\" src=\"https:\/\/3blighter.com\/wp-content\/uploads\/2025\/06\/IMG_3173-e1750289701760-300x177.jpg\" alt=\"\" width=\"758\" height=\"447\" srcset=\"https:\/\/3blighter.com\/wp-content\/uploads\/2025\/06\/IMG_3173-e1750289701760-300x177.jpg 300w, https:\/\/3blighter.com\/wp-content\/uploads\/2025\/06\/IMG_3173-e1750289701760.jpg 640w\" sizes=\"(max-width: 758px) 100vw, 758px\"><\/p>\n","protected":false},"excerpt":{"rendered":"<p>Notre Gamme de Produits D\u00e9couvrez notre s\u00e9lection de briquets et accessoires con\u00e7us pour r\u00e9pondre \u00e0 tous les besoins de nos clients.<\/p>\n","protected":false},"author":1,"featured_media":0,"parent":0,"menu_order":0,"comment_status":"closed","ping_status":"closed","template":"","meta":[],"_links":{"self":[{"href":"https:\/\/3blighter.com\/index.php\/wp-json\/wp\/v2\/pages\/45"}],"collection":[{"href":"https:\/\/3blighter.com\/index.php\/wp-json\/wp\/v2\/pages"}],"about":[{"href":"https:\/\/3blighter.com\/index.php\/wp-json\/wp\/v2\/types\/page"}],"author":[{"embeddable":true,"href":"https:\/\/3blighter.com\/index.php\/wp-json\/wp\/v2\/users\/1"}],"replies":[{"embeddable":true,"href":"https:\/\/3blighter.com\/index.php\/wp-json\/wp\/v2\/comments?post=45"}],"version-history":[{"count":5,"href":"https:\/\/3blighter.com\/index.php\/wp-json\/wp\/v2\/pages\/45\/revisions"}],"predecessor-version":[{"id":97,"href":"https:\/\/3blighter.com\/index.php\/wp-json\/wp\/v2\/pages\/45\/revisions\/97"}],"wp:attachment":[{"href":"https:\/\/3blighter.com\/index.php\/wp-json\/wp\/v2\/media?parent=45"}],"curies":[{"name":"wp","href":"https:\/\/api.w.org\/{rel}","templated":true}]}}